he remainder when 20 is divided by m(l).
9
Suppose 0 = 5*i + 179 + 576. Let j = i - -101. Let z = -22 - j. What is the remainder when z is divided by 10?
8
Suppose -11 - 24 = 5*l. Let g = l + 22. Calculate the remainder when 28 is divided by g.
13
Let w(p) = -3*p**2 + 2*p**2 + 2*p + 2 + 4*p. Suppose -j + 5 = 1. Calculate the remainder when w(5) is divided by j.
3
Let m = 7 - -26. Calculate the remainder when 131 is divided by m.
32
Suppose 8*a = 5*a. Suppose a = -4*j + 33 + 31. Calculate the remainder when 63 is divided by j.
15
Suppose 2*a - 64 = -3*l, -38 = -0*l - l - 4*a. What is the remainder when 69 is divided by l?
15
Calculate the remainder when (204/15)/((12/(-10))/(-3)) is divided by 12.
10
Suppose -2*n - 256 = -2*p - 0*n, -3*n - 261 = -2*p. Suppose t - p = -3*v, -3*v + 3*t = -8*v + 201. What is the remainder when v is divided by 22?
20
Suppose 29 + 193 = 6*a. What is the remainder when 141 is divided by a?
30
Let w(a) = -a**3 + 18*a**2 - 18*a + 22. Calculate the remainder when w(17) is divided by 2.
1
Calculate the remainder when 19 is divided by (4/12)/(1/33).
8
Let q(d) = d**2 + 4*d - 9. What is the remainder when 5 is divided by q(-6)?
2
Let f be 3/(-9) + (-14)/(-6). Suppose 0 = -f*w - 4*v, -6*v + 3*v = 2*w - 3. What is the remainder when 17 is divided by w?
5
Suppose 3*f - 390 = m - 2*m, 0 = 3*m. Calculate the remainder when f is divided by 33.
31
Suppose -3*k - 2*q + 20 = 0, 2*k + 4*q - 16 = -0*k. What is the remainder when 9 is divided by k?
3
Let s be 2/8 + 7/4. Suppose -16 = -3*i - s*j, i + 4*j - j - 17 = 0. What is the remainder when i is divided by 2?
0
Suppose 3*z - 9 - 30 = 0. Calculate the remainder when 16 is divided by z.
3
Suppose -3*f + 19 = -2*m - 7, 3*f + 4*m - 20 = 0. Suppose 0*b - 15 = -3*b. Calculate the remainder when f is divided by b.
3
Let q(p) = 2*p**3 - 2*p**2 + 2*p - 3. Calculate the remainder when 25 is divided by q(2).
7
Let z = -111 - -193. Calculate the remainder when z is divided by 17.
14
Let k = 62 + -58. Calculate the remainder when 15 is divided by k.
3
Let a = -14 - -22. Calculate the remainder when 23 is divided by a.
7
Suppose 41 = 2*b + b - 5*s, -3*b + 3*s + 33 = 0. Let k(w) = w**2 + 10*w - 69. What is the remainder when k(-16) is divided by b?
6
Let i(q) = 6*q**2 - q - 3. What is the remainder when 1 + 70 + (0 - -2) is divided by i(2)?
16
Suppose 338 = 5*i + 2*x, -x + 269 = 4*i + 2*x. Suppose 4*d + 40 = 2*v, 4*v = 2*d - 6*d + i. Let g = -13 - -47. What is the remainder when g is divided by v?
16
Let n(c) = -2*c**3 - 6*c**2 - c - 2. What is the remainder when n(-4) is divided by 12?
10
Suppose 32*v = 19*v + 299. Let d = 49 + -4. What is the remainder when d is divided by v?
22
Let l(o) = -3*o**3 + 4*o - 4. Let m(c) = -13*c**3 + c**2 + 16*c - 17. Let d(i) = -9*l(i) + 2*m(i). Calculate the remainder when 17 is divided by d(2).
7
Let g be (-138)/9*9/(-6). Let j = g + -8. Calculate the remainder when 28 is divided by j.
13
Suppose 2*g + 2 - 8 = 0. What is the remainder when 16/6*(-3)/(-2) is divided by g?
1
Suppose -v - 4 + 16 = 0. Suppose 0 = 2*h - h - 7. Calculate the remainder when v is divided by h.
5
Let x(l) = -2*l. Let r be x(2). Let z = 8 + r. Suppose -d = -2*g + 18, -44 = -z*g - 2*d + 6*d. What is the remainder when 20 is divided by g?
6
Suppose 0 = -3*r + 124 + 23. What is the remainder when r is divided by 13?
10
Let r(a) = -14 + 0*a**2 + 3*a**2 - 21*a - 8*a. Let b(j) = -2*j**2 + 19*j + 9. Let n(p) = 8*b(p) + 5*r(p). What is the remainder when 34 is divided by n(5)?
10
Suppose 12*i - 5 = 55. What is the remainder when 10 is divided by i?
0
Let t(z) = 4*z - 5*z - 6*z - 3. Let a be t(-3). Suppose -l - 2*l = -a. What is the remainder when l is divided by 3?
0
Suppose i - 106 = -0*i. Let h = i + -75. Calculate the remainder when h is divided by (-1)/(-1) + -1 - -11.
9
Suppose -3*d = -y - 7, -y + 3*y = -4*d - 4. Calculate the remainder when d*(-3)/(6/(-62)) is divided by 16.
15
Suppose 4*x - 124 + 20 = 0. Suppose 113 = 5*k + 3*s, 3*s - x + 1 = -k. Suppose t + 48 = 5*t. Calculate the remainder when k is divided by t.
10
Suppose -r = -0*r - 10. Suppose 4*n = -n. Suppose n*s - 36 = -2*s. Calculate the remainder when s is divided by r.
8
Let a be (-6)/(-9) + 185/15. Let h = a + -7. Calculate the remainder when 23 is divided by h.
5
Let b be 6/(-4)*8/(-6). Suppose -z - b*z = 6. Let n = z + 41. Calculate the remainder when n is divided by 14.
11
Suppose 0 = g - 7 - 26. Calculate the remainder when g is divided by (-2)/4*(-68 + 32).
15
Let d = -13 - -18. Suppose -d*f + 0*f = -305. Calculate the remainder when f is divided by 21.
19
Let z(s) = s**2 + 3. Calculate the remainder when 17 is divided by z(-3).
5
Let o(a) = -2*a + 8. Suppose 4*k = 5*k. What is the remainder when 23 is divided by o(k)?
7
Suppose 1 = -5*g + 36. Suppose -192 = -g*a + 3*a. Suppose -6*s = -2*s - a. Calculate the remainder when 34 is divided by s.
10
Let g = 26 + -16. What is the remainder when 38 is divided by g?
8
Suppose -2*m - 18 = -5*m. What is the remainder when 26 is divided by m?
2
Let c(s) = -s**2 - 13*s + 15. Let t = 64 + -41. Calculate the remainder when c(-10) is divided by t.
22
Let g be (140 - (-9)/(-3)) + -3. Suppose 18 = 2*r - 48. Calculate the remainder when r is divided by (-2)/(-8) + g/8.
16
Let v = 56 - 29. Let n = v + -38. Let o = 8 - n. Calculate the remainder when 56 is divided by o.
18
Let c(y) = -3*y**3 - 3*y**2 + y + 2. Suppose 3 = 2*z - 5. Suppose z*g + 5*j - 4 - 3 = 0, -7 = 5*g + j. Calculate the remainder when 45 is divided by c(g).
9
Suppose 0 = 2*b - 2 - 84. What is the remainder when b is divided by 11?
10
Let s(y) be the second derivative of 13*y**4/12 - y**3/3 - y**2 + 5*y. Calculate the remainder when s(-1) is divided by 4.
1
Let c(p) = 3*p + 7. Suppose 5*a = 14 + 11. What is the remainder when c(2) is divided by a?
3
Suppose -3 - 3 = -2*g. Let k(j) = 3*j - 4. Let c(u) = -u + 1. Let q(s) = g*k(s) + 6*c(s). What is the remainder when 11 is divided by q(4)?
5
Suppose 5*b + 2*m = 6*m + 53, -4*b + 46 = -2*m. Calculate the remainder when 140 is divided by b.
10
Let r(g) = 67*g + 2. Calculate the remainder when r(1) is divided by 19.
12
What is the remainder when 149 is divided by 1639/55 - (11/(-5) + 2)?
29
Suppose 2*w - 14 = -t, 5*t - 57 = -0*t + 3*w. Suppose -3*y - t = 0, -2*v + 28 = 2*v - 4*y. What is the remainder when 8 is divided by v?
2
Let i(j) = j**2 + 5*j - 3. Let v be i(-4). What is the remainder when 11 is divided by v*3/(-3) - 1?
5
Let n = -6 + 13. Let o = 20 + n. Calculate the remainder when o is divided by 7.
6
Calculate the remainder when 321/6 - 1/2 is divided by 27.
26
Let v(d) be the third derivative of -d**4/24 - 2*d**3/3 + 2*d**2. What is the remainder when 13 is divided by v(-9)?
3
Suppose -d = -0*d - 22. What is the remainder when 86 is divided by d?
20
Let b be (-6)/(-10)*(-2 - -7). Suppose 0 = -0*j - b*j. Suppose 2*z - 5 = -p + 1, 5*p - 3*z - 69 = j. What is the remainder when 35 is divided by p?
11
Let i(s) = s**3 - s**2 - s + 26. Let y be i(0). Suppose a + 4*r - 2 = 11, -y = -2*a - 5*r. Calculate the remainder when 36 is divided by a.
10
Suppose -24 = -4*a + 2*a. What is the remainder when 22 is divided by a?
10
Calculate the remainder when 117 is divided by (-1 + -1)*1*(-51)/6.
15
Let x be (12/(-9))/(6/(-9)). Suppose 3*c + x*c = 145. What is the remainder when c is divided by 15?
14
Suppose 4*v = f + 103, v + 31 = 2*v + 5*f. Let d(p) = 9*p. What is the remainder when v is divided by d(1)?
8
Let b = 30 - -7. Let z(f) = 0 + f - 2 + 5*f + 3*f**2 - 4*f. Calculate the remainder when b is divided by z(-3).
18
Suppose 3*d = -d + 8. Suppose 3*p = d*w - 3 + 30, 9 = p + 5*w. Suppose 48 + 77 = 5*q. Calculate the remainder when q is divided by p.
7
Let p = 54 + -45. Calculate the remainder when 42 is divided by p.
6
What is the remainder when 36 is divided by (-3*(2 + -1))/((-18)/120)?
16
Suppose 3*u = -3*n + 93, n + 0*n - u - 33 = 0. Suppose 0*d + 8 = 2*d, -2*w - 2*d = -n. Calculate the remainder when 33 is divided by w.
9
Let n = -3 - -6. Suppose 2 = -n*a + 2*s, 0 = a + 4*s - s - 14. Let v = a - -8. Calculate the remainder when 19 is divided by v.
9
What is the remainder when (-1)/(((-2)/6)/((-44)/(-33))) is divided by 3?
1
Suppose 205 - 7 = 6*q. Calculate the remainder when